82
Evaluate (-1 + 41 - (-4 + 17 + -15)) + -35 + 24.
31
1 - (-35 - -14) - 11
11
Calculate (-4 - (-3 + 8)) + (241 - 261).
-29
-12 + 2 - (-141 + 111) - (-2 - (-1 + 1))
22
Calculate (8784 - 8860) + 0 + 60.
-16
What is -19 - -6 - 3 - -12 - -11 - 9?
-2
What is -10 + 34 + (27 - 39)?
12
What is the value of 65 + (-4 + -35 - (68 + -84))?
42
What is the value of -3 - -8 - 12 - 1 - (20 + (3 - 2))?
-29
What is 3 + (-47 + 38 - -22) - 138?
-122
((7 - 2) + -73 + 71 - -20) + -12
11
What is the value of -33 - (-102 - 7 - -24 - -2)?
50
(-3 + 36 - 9) + (0 - -9) + -29 + 23
27
What is the value of (44 - 2 - 8) + (-21 - -1)?
14
(-3 - (12 - 1)) + 16878 + -16964
-100
Evaluate -110 + (1 - -1) - ((-69 - -45 - -67) + -45).
-106
Calculate 10 + 1 - (36 + (30 - (-32 - -33))).
-54
0 + (49 - 1 - (136 - 151))
63
Evaluate -4 - (-14 + (24 - 24) + 6).
4
Evaluate -41 + 38 + 20 + -5 - 149.
-137
Calculate 48 - (103 + (0 - 58)).
3
Calculate (-49 - (-7 + -35)) + -30.
-37
What is 833 + -747 - (-3 + 35)?
54
What is the value of -43 + 53 + 12 - (6 + -1 - -37)?
-20
What is the value of -13 + -5 + (-5 - (5 + -8 + 10 + -15))?
-15
Calculate 21 + (8 - (5 + -21 + 17)).
28
39 + -32 + -62 + 38
-17
What is the value of (8 + -1 - 39) + (-110 - -128) - (-133 - 0)?
119
What is the value of (32 - (86 - 27)) + -4?
-31
Evaluate 74 + -35 + 20 + -33.
26
Calculate -668 - -656 - (-97 - -1).
84
What is 53 + -3 - (554 - 461)?
-43
What is (-843 - -921) + (-39 - 2)?
37
-1 - (-9 + (5 - (3 + -54))) - (13 + -9)
-52
Calculate -6 - -5 - (49 + (-21 - (-3 + -11))).
-43
(27 - (41 + -87)) + 3
76
Evaluate (-89 - -95) + 8 + -11.
3
What is the value of -95 + (-88 - -89 - -85) + (-82 + -1 - 0)?
-92
What is the value of (21 - ((9 - 22) + 10 - 0)) + 8?
32
What is 80 + (-29 - -9) + 1 + -11?
50
Calculate -98 + 149 + 70 - 23.
98
What is the value of -1 + -53 + -10739 + 10680?
-113
Calculate 10 + (3 - -1) + 13 + (1 - (-12 - -34)).
6
4 + 6 - ((10 - 19 - -23) + -79)
75
What is (5 - (5 - 8) - (16 - 3)) + -39?
-44
(3 - 6 - 1 - 6) + -678 + 634
-54
What is -117 - -121 - (9 - 2 - 6 - -2)?
1
What is 0 + -6 + 34 - (-35 - 26)?
89
What is (9 - -2) + 173 + -221?
-37
What is the value of -4 + (-1 - (-1 + 4)) + 5 + (247 - 307)?
-63
What is -49 + (-44 - -93) - (-4 - 44)?
48
-13 + 3 - (-3 + (4 - 30) + 99)
-80
What is 34 + -42 - -13 - 2?
3
Calculate -16 + (130 + (2 - -6) - 20 - 13).
89
Evaluate -2 + -14 + (3 - 2) - (-11 - -13 - 5).
-12
Calculate 21 + (-60 - (-5 + -14)) - (6 - -19).
-45
Calculate -22 + 121 - (26 + 5 + -41).
109
(6 + -19 - (18 + -57 + 22)) + -36
-32
Calculate 127 - 4 - (94 + -38).
67
What is -238 + 244 + 0 + (2 + -7 - -70)?
71
-57 - (-74 - -159) - -222
80
(-51 - (-32 - -5)) + (106 - 17)
65
105 - 5 - (-1 + -2) - (20 + (4 - 13))
92
(-5 - 5 - (7 + -5 + -15)) + 39
42
Evaluate -56 + (7 - -60) + -1 + 0.
10
176 - 195 - (9 + 8)
-36
What is -123 + (-54 - (-52 + -25))?
-100
Calculate 0 + -1 + -11 - (-14 + (51 - 16 - 20)).
-13
2 + (10 + -4 - -16) + 26 + -66
-16
Calculate (0 - (-50 - -36 - (-4 + -14))) + 17.
13
Evaluate -1 + (58 - 96 - 38).
-77
Evaluate (2 - -17) + (-19 - (-12 - 20) - 19).
13
Evaluate -19 - (38 - (10 + (-18 - -25))).
-40
Calculate (11 - 22) + (6 - 27) - -16 - -51.
35
What is the value of (-41 - -12) + 12 - -10 - (6 - (5 - -30))?
22
Calculate 57 - (14 - (47 + -47)).
43
Calculate 150 + -122 + -2 - -45.
71
Evaluate (0 - (-1 + 12 - (-41 + 47))) + 5.
0
What is the value of 6 + (1 - -10) + -33?
-16
What is 82 - (44 - 83 - -85)?
36
(-1 - 16) + (-804 - -826)
5
What is (-17 + 11 - (-7 + (13 - 9))) + -8?
-11
Evaluate -96 + 79 - (-1 - (6 + 32)).
22
-1 + -116 + (-4959 - -5020)
-56
(682 - 671) + 8 + 0 + -19
0
Calculate (-33 - 2) + 2 - (-83 + -2 + 100).
-48
Calculate -101 + -255 + 461 + -1 + 2 + -22.
84
What is 43 - (21 + -31) - 60?
-7
Evaluate -29 - (-120 + 11 + (30 - 1)).
51
Calculate -9 + 12 - -39 - (2 + 15).
25
Evaluate -19 + -74 + (227 - 84).
50
What is (-15 - -2) + (0 - 2) - (107039 - 107007)?
-47
Calculate (-29 - -39) + (-12 - 14) - 7.
-23
What is (20 - (-28 + 44)) + (0 + 22 - (1 - 3))?
28
What is 21 - (-12 + 15 + -54) - (-9 + 8 - -4)?
69
What is (7 - 12) + (3 - (-14 - -26)) - -65?
51
What is (-3 - (-7 + 12) - -23) + -12 + 24?
27
What is (-26 - (-18 + (-18 - 12))) + -58?
-36
Calculate -32 + (80 - 31) + 20.
37
What is (23 - 8 - 26 - (-19 - 0)) + 3?
11
Evaluate -10 + (-83 - -47) + 24.
-22
34 - (37 + 38 + -72)
31
-5 + (-40 - -37) - (1 + (-52 - -1))
42
What is -2 - (-3 - -1 - (-19 + 4 - -40)) - -9?
34
What is the value of -50 + -95 + (68 - -81)?
4
(-16 - (-3 - -33)) + -32 + 45
-33
Evaluate 27 + (0 - -14 - (19 - 26)).
48
-16 + (13 - 26) - (-10 - -2 - (30 + -26))
-17
What is 2 - -2 - (-109 - -107) - (-3 - -12) - -2?
-1
What is the value of -11 + (-67 + 50 - 13) + -1 + 12?
-30
Evaluate 48 + (-3 + -3 - -17 - (8 - 2)).
53
Calculate (12 - 14) + -78 + 72.
-8
Evaluate -59 - (-14 - -45 - 44) - (-10 + -2).
-34
Evaluate -2 + -25 + 8 + -14 + 7 + -11 + -4.
-41
Calculate 6 + 1 + (-22 - -57 - 11).
31
(-144 - -277) + -41 + -232
-140
Evaluate 6 - (-2 + 4 + (-105 - -108)).
1
(-7 - 6) + 5 - -35
27
Evaluate 24 + (-68 + 139 - -11).
106
What is -106 - (-104 - (-90 - -170))?
78
Calculate -1 - (36 - 22) - -27 - (31 + 0).
-19
What is the value of -11 - (-13 + -1 + (29 - 14) - 71)?
59
1 + 11 + 26 + -34 + 8
12
Calculate 141 + (-75 - 126) + 110.
50
(255 - 105) + -107 - (3 - 52)
92
Calculate 60 - 76 - 24 - -21.
-19
Evaluate (-57 - 167) + 120 + 86.
-18
What is (-6 + 2 + 7 - -15) + -361 + 266?
-77
16 - (9 - (7 + (-17 - 0) - 11))
-14
What is (-78 - -32 - -33) + 20?
7
What is the value of -4 + (2 - 0) + -2 + -48 + (737 - 730)?
-45
Calculate -1331 - -1376 - (101 + 5 + 2).
-63
Calculate 104 + -113 + 112 + -103.
0
52 + -27 + (-5 - (-5 - -2))
23
What is (52 - 47) + -31 - (-135 - (-10 - -1))?
100
Evaluate 33 + (20 - (15 + (9 - 11))).
40
Evaluate (116 + -107 - (-3 + -2 + 70)) + -1.
-57
(16 - -37 - 70) + -109
-126
Evaluate (-7 - 3) + -11 - (-37 + 27).
-11
What is the value of 0 + 0 - -37 - (51 + -7 + -41)?
34
Calculate (-1 - 13) + ((5 - -65) + -59 - -88).
85
Calculate -4 + -13 + (-38 - -29 - 0).
-26
What is 10 + (12 - 15 - 13) + -95 + 1?
-100
-6 - -4 - (295 + -252)
-45
1 + 2 + -34 + 1 - (-938 + 950)
-42
27 - (30 - (25 + -26 + 22))
18
What is -5 + -6 - (5 + 0 + 44 + 14 + -26)?
-48
Calculate -1 - 81 - ((-48 - (-28 + 52 + -46)) + 32).
-88
What is -1 + -6 - ((712 - 739) + 15 + 1 - 127)?
131
Calculate -13 + (20 - (-14 + 8)) - 52.
-39
Calculate 17 + 51 + (-5 - 41).
22
What is -3 + (27 - 5) - (-316 - -332)?
3
Evaluate -4 - (2 + -20 - (-33 - -23)) - 17.
-13
(6 - (11 - (-9 + 12))) + -9 - 44
-55
Evaluate 8 + -6 + 124 + -73 + -63.
-10
What is the value of -77 - (16 + -55 + 3)?
-41
-93 - (72 + (-122 - -64) - (26 - 1))
-82
What is (27 - (15 + -20)) + 14 + 16?
62
Calculate (118 - -3) + -22 + -142.
-43
What is the value of 22 - ((26 - 32) + -3 + 13)?
18
(7 - -16) + 41 + 4 + -12
56
40 + -28 - -55 - 33
34
What is (36 - 27 - -9) + -38?
-20
What is the value of 90 + -144 + 48 + -40 + -2 + 0?
-48
What is the value of (17 - 0) + (5 + -15 - 4) + 1?
4
What is the value of (37 - 308) + 94 - -68?
-109
Evaluate 1 + -20 - (-151 - -174) - 3.
-45
What is the value of -4 + 18 + (-1018 - -1066)?
62
What is 2 - 2 - (-87 + (-5 - -55))?
37
Evaluate 12 + 7 + (-344 - -319).
-6
What is the value of 28 - (6 - -4 - (61 + -43))?
36
Calculate -129 + 174 - (5 - (9 + -3)).
46
-72 - -75 - (20 + 2)
-19
What is (-10 - (-33 - -12) - 5) + 12?
18
-17 + 9 + (3 - (7 + -13)) + -13
-12
Evaluate -18 + (-9 + (-9 - (-7 - 17)) - 65).
-77
What is the value of 6 + -11 - (34 - (13 - (-14 + 14)))?
-26
What is -98 + (-8 - (29 + -27 + (-4 - (-3 + -3))))?
-110
(256 + -245 - (-1 + -4)) + 21
37
What is 5 + 2 + 8 + (-37 - -48) + -29?
-3
-2 - 17 - (-40 - -32) - (-2 - (81 + -2))
70
Evaluate -80 + -64 + 21 + 94.
-29
What is (-23 - -2) + (-219 + 46 - -259)?
65
Calculate 6 - -2 - ((-26 - -4 - 0) + 52).
-22
What is the value of -1718 + 1694 + (-3 - -60 - -3)?
36
What is the value of 15 + 19 - (-6 + -17)?
57
Evaluate (-6 + 25 + -41 + 29 - (-1 - -4)) + -24.
-20
14 + (19 - 16) + -4 + 11
24
What is -160 - -163 - (-12 + 9 + (73 - 0))?
-67
What is -109 - -4 - (-8 + -6 + (-10 - -19) - -10)?
-110
Calculate 55 - (-8 - 4 - -62).
5
What is 24 - (-2 - 4 - (-119 - -27))?
-62
Evaluate 39103 + -39083 + -2 + 0 + -2.
16
What is the value of -19 - (2 - 3 - (-